*o + 38. Let t be q(-13). Is k(t) composite?
True
Let v be 9/(-3) + 1 + 20/(-4). Let m(q) = -185*q - 18. Is m(v) prime?
True
Let g = 76 - 72. Suppose -4*i + g*c = -10888, 7*i + 2*c = 3*i + 10882. Is i composite?
True
Is -12*91/(-156) - -790 a composite number?
False
Suppose -44331 - 75397 = -w + 17573. Is w composite?
True
Suppose -74*o - 48792 = -77*o. Let v = o + 29677. Is v composite?
True
Suppose 2206*w - 2202*w - 20515 = -l, l - 5*w = 20542. Is l a prime number?
False
Suppose x = -4*v - 3765 + 348415, 3*v + 5*x - 258513 = 0. Is v a prime number?
True
Suppose 4*n = -4*p - 84 - 64, 0 = -3*n + 15. Is (-22 - -1)*5306/p composite?
True
Suppose -4*h - 173533 = -3*r, -192503 = -5*r + h + 96696. Is r a composite number?
False
Is (-3 - 0)/(1/8 - 2621255/20968696) prime?
True
Let a(r) = 2*r**2 + 5*r + 33555. Let n be a(0). Suppose -5*o + n = 10*o. Is o a composite number?
False
Let o = -373611 - -1206929. Is o a prime number?
False
Suppose -134 + 74 = 3*m. Let k be ((-54)/(-4))/(-3)*m. Let o = k + 19. Is o composite?
False
Let n(x) = -x**3 + 28*x**2 + 6*x - 1. Let k be n(26). Let g = k + 6588. Is g composite?
True
Let t = -3720 - -3706. Let d(n) = 7*n**2 - 21*n - 3. Let f(c) = 4*c**2 - 11*c - 2. Let j(a) = 3*d(a) - 5*f(a). Is j(t) a prime number?
False
Let a = -2998 - -5243. Suppose 6*u = -1211 + 1235. Suppose u*d = 1591 + a. Is d prime?
False
Let j be 2*(-1)/(-5)*165/22. Suppose 2*p = -5*u + 21583, 4*p + j*u = 16045 + 27142. Is p a prime number?
True
Let b(q) = -6*q + 35. Let c(p) = p**3 - 7*p**2 + 9*p + 8. Let t be c(5). Suppose 0 = -t*x + x - 18. Is b(x) a composite number?
False
Let v = 102 - 61. Let p = 38 - v. Is ((-741)/p)/((-1 - -1) + 1) a prime number?
False
Let h(j) = -2*j**2 + 50*j + 3. Let w be h(25). Suppose 3*a - 17340 = -3*k, -3*k + 0*k = -w*a - 17334. Is k prime?
True
Let r(u) = 4*u**2 + 21*u. Let k be r(-5). Let g(q) = -760*q + 9. Is g(k) a prime number?
False
Suppose 7639292 + 3195889 = 63*o. Is o a composite number?
True
Suppose -2*f - 2*q + 7*q + 49 = 0, -3*q = 15. Is 11278/6*1/4*f a prime number?
True
Suppose 2*i - 74579 = -h + 230904, 305487 = 2*i + 5*h. Is i composite?
True
Let j(r) = -r**3 + 14*r**2 + 2*r - 30. Let n be j(14). Let t be -3 - (-180)/8 - (-1)/n. Let d(b) = -b**3 + 24*b**2 - 21*b - 7. Is d(t) a prime number?
True
Suppose -8717 = k - 170634. Is k a prime number?
False
Let a = -78 - -75. Is a + 4 - -2329 - -3 prime?
True
Let j(f) = -f**3 + 20*f**2 - 21*f + 9. Let o be 7 + (-5 - (-4 - 4)). Is j(o) composite?
True
Let h = -34328 - -80251. Suppose 0 = 30*j - h - 3547. Is j composite?
True
Let v(l) = 275*l - 11. Let x be v(5). Let z = x - 197. Is z a prime number?
False
Suppose -85466191 = -138*w + 7519727. Is w a prime number?
True
Suppose 2*m + 4*u + 2 = 0, 0 = 4*m + 2*u - u - 17. Suppose -m*s + 10*s = -2*w + 1112, -2210 = -4*w - 3*s. Let f = w + 84. Is f a composite number?
True
Let u(c) = 5*c**3 - 2*c**2 - 4*c - 3. Let p be u(-1). Let f be p/24*1 - (-286)/(-8). Is 3*-3898*6/f a composite number?
False
Let w(m) = 3 - 13 + 3 + 4 + 19*m. Let a be w(-1). Let t(k) = k**3 + 23*k**2 + 10*k - 1. Is t(a) a composite number?
False
Suppose 0*k - 3*k = 3*z - 27303, z = 4*k - 36399. Suppose k = 10*r + 4*r. Suppose r = -19*q + 29*q. Is q a composite number?
True
Let h be (24/9)/2*(-90)/(-40). Suppose -4*t = 3*q - 1267, 5*t - 2*q = h*q + 1610. Is t a composite number?
True
Is 34015 + (-13)/(39/54) a composite number?
False
Suppose 6*u - 107 = -119. Is (u/(-9))/((-13)/(-2223)) a prime number?
False
Let d(u) = u**2 + 7*u. Let j be d(0). Suppose -3*a + 1 = -3*f + 10, f + 2*a - 18 = j. Suppose -3*r + 3*w = -f*r + 3703, -w + 3711 = 5*r. Is r composite?
False
Let u(c) = 12*c**3 - 36*c**2 - 8*c + 17. Is u(15) a composite number?
False
Suppose -5*t + 3*i = -552 - 1055, 3*i = 4*t - 1285. Let x = 2 + 29. Suppose -t = -s - x. Is s prime?
False
Let k(m) = 383*m**2 + 29*m - 16. Let w be k(-13). Suppose -77*j + 58*j + w = 0. Is j composite?
True
Let j be 9 + -9 - (-3 + 3). Suppose j = 23*g - 20*g - 1623. Is g prime?
True
Suppose -3*f - n = -556783, 380*f - 381*f + 5*n = -185573. Is f prime?
True
Let c(z) = -z + 9. Let p be c(14). Let l = -4 - p. Is (-41125)/(-42) - l/6 composite?
True
Let v(b) = 5*b**2 + 9*b + 27. Let h be 1/6*4 + 168/(-36). Let u be v(h). Suppose 75*c - u*c - 1268 = 0. Is c a composite number?
False
Suppose 33 = -5*m + 38. Let u(k) = 1420*k - 17. Is u(m) composite?
True
Let a(f) be the second derivative of 11*f**5/5 + f**4/12 - f**3/2 - f**2/2 - 2*f. Suppose -4*j - 638 = -650. Is a(j) prime?
True
Let h = 137897 - 84898. Is h composite?
False
Suppose -8*b - 6 = -70. Suppose k - 11 = -b. Suppose k*m + 5*r = 3*r + 2527, 4*m = 2*r + 3346. Is m prime?
True
Let q = -201062 - -546441. Is q prime?
True
Let h(a) = -3*a**3 - 55854 + 55800 - 3*a**2 - 34*a**2 - 15*a. Is h(-17) prime?
False
Let v = 17 - 15. Suppose -4*k + 2866 = -v*k. Suppose -h + k = a - 608, -5*h = a - 2025. Is a a composite number?
True
Suppose 0 = -6801*v + 6929*v - 187799936. Is v prime?
True
Suppose -c + 837 + 582 = 0. Let n(x) = -336*x - 38. Let f be n(-3). Let y = c - f. Is y a prime number?
True
Let z be (-3 + 10 - 10)*(-1)/(-3). Is (36/72)/(z/(-786)) prime?
False
Suppose 33*s - 54 = 42*s. Let l(q) = -10*q**3 - 5*q**2 - 13*q + 13. Is l(s) composite?
True
Let x(z) = 3*z - 11. Let g be x(13). Suppose -g*b = -32*b + 15112. Suppose 2066 = 4*k - b. Is k a composite number?
True
Suppose 0 = 6*t + 2*t - 4968. Let i(q) = -6*q - 2 + 135*q**3 - t*q**3 - q**2 + 0 + 2*q. Is i(-1) a composite number?
False
Suppose -4*y - 4*f = -3184232, -3*y + 3396891 - 1008712 = 2*f. Is y a composite number?
False
Let q be -6 + (-46)/(-8) - 9/(-4). Suppose -5*d + 25 = 0, 4*b + 21 + 5 = q*d. Let g(m) = 5*m**2 + 5*m + 9. Is g(b) composite?
True
Let i(t) = 3*t + 22. Let z be i(-5). Is (54301/26)/((21/6)/z) a composite number?
False
Let h(k) = 158*k + 15. Let d(s) = -159*s - 16. Let w(j) = 5*d(j) + 6*h(j). Let i(c) = 40*c - 353. Let p be i(9). Is w(p) composite?
True
Let x(h) = h - 4. Let a be x(4). Let f(d) = d**3 + 19*d**2 - 146*d + 52. Let j be f(-24). Is j - (0 + a + -1) a prime number?
True
Suppose -11964 = -4*g - 2*v, 1001 = 3*g + 3*v - 7969. Suppose -2*h - 3*p + 36613 = 0, -4*h + 4*p - g = -76168. Is h prime?
False
Suppose -m + k = -0*k + 9, 0 = -5*m + 4*k - 42. Is -2*((-48)/m - 6849) composite?
True
Let a(t) = t + 1. Let o(f) = -8*f**2 - 5*f + 6. Let d(u) = -3*a(u) - o(u). Suppose 4*j = -j + 35. Is d(j) prime?
True
Suppose -2197 - 3475 = -4*b. Is (50/10 + b)*(2 + -1) composite?
False
Let c = 156626 - 72247. Is c a composite number?
True
Is 4828434/27 + (-103)/(-927) a prime number?
True
Let y = 251296 - 84917. Is y composite?
True
Suppose 8006540 = 147*m - 52364443 - 43973586. Is m prime?
False
Let g(b) = b**2 - 5*b - 3. Let d be g(6). Suppose -d*p - 3*h + 1239 + 2049 = 0, -h - 4399 = -4*p. Is p a composite number?
True
Suppose 2*r + 8 = -5*b, 3*b - 3*r - 3 = -12. Let y be b + (-1 - (0 - 3)) + 23. Suppose -a + 2*h + 48 = -y, 2*a - 124 = -5*h. Is a a prime number?
True
Is 855147/((9 + 3 + -11)*3) composite?
False
Let q be (7029 - 3) + 5 - 3. Let r = q + -2323. Is r a composite number?
True
Let z = 39 + 18. Suppose z*a + 75 = 56*a. Let j = 373 + a. Is j a composite number?
True
Let o(c) = 2*c**3 - 6*c**2 - 6*c - 29. Let x be o(13). Let z = -1258 + x. Suppose 2*n + 3*p = 826, 0*n + 5*p + z = 5*n. Is n a prime number?
False
Let b = 104 + -98. Let v be (43/2)/1 + b/(-12). Suppose -v*k + 11170 = -11*k. Is k composite?
False
Let g(q) = -628*q - 457*q + 803*q - 1. Is g(-26) a prime number?
True
Let a = -116644 + 169679. Is a composite?
True
Is 1*2*(-61)/488*-297676 prime?
True
Suppose -3*j = 12, 5*j = -p - 2786 + 344. Is 2 - -1 - (p - 21) a composite number?
True
Is -6 - ((-1)/(-6) + (-2911)/123)*2694 prime?
False
Suppose 10 = -2*s - 2. Let j be ((s/(-10))/((-3)/15))/(-1). Is 584 + 4 + j + -4 a prime number?
True
Suppose 4*b - r = -0*r + 7, -6 = 3*b - 3*r. Suppose c - 494 = x, -b*c - x + 1022 = -472. Let a = c + -246. Is a a prime number?
True
Let a = 32878 - 14903. Suppose 0 = 48*r - 43*r - a. Is r composite?
True
Is (3/6)/(-1)*97602/(-3) prime?
True
Suppose -47*h + 45*h = 240. Is (-94590)/h + (-3)/(-4) composite?
True
Suppose o - 188558 = -9*h, 60*o - 61*o = -2*h - 188613. Is o composite